{"id":6359,"date":"2025-07-04T17:26:39","date_gmt":"2025-07-04T15:26:39","guid":{"rendered":"https:\/\/dominik-s.de\/hofaesthetics\/?page_id=6359"},"modified":"2025-11-21T12:19:54","modified_gmt":"2025-11-21T11:19:54","slug":"rabatte","status":"publish","type":"page","link":"https:\/\/dominik-s.de\/hofaesthetics\/rabatte\/","title":{"rendered":"Rabatt Pakete"},"content":{"rendered":"<p>[vc_row][vc_column][vc_empty_space height=&#8220;48px&#8220;][vc_column_text css=&#8220;.vc_custom_1763722559517{margin-bottom: 16pt !important;}&#8220;]<\/p>\n<div class=\"sc85_heading wpb_content_element inverted center\">\n<div class=\"subtitle\" style=\"text-align: center; font-size: 12pt;\">bis zu 100\u20ac sparen<\/div>\n<h1 class=\"title\" style=\"text-align: center; font-size: 30pt;\">Rabatt Pakete<\/h1>\n<\/div>\n<p>[\/vc_column_text][vc_column_text]<\/p>\n<div class=\"sc85_heading wpb_content_element impact center\">\n<div class=\"subtitle\">\n<p style=\"text-align: center; font-size: 12pt;\">Erlebe professionelle Behandlungen von unserer erfahrenen Fach\u00e4rztin Lina Mahfoud. Sichere dir unsere exklusiven Rabatte im Sommer f\u00fcr ein frisches &amp; nat\u00fcrliches Aussehen. Sicher dir bis zu 100\u20ac Rabatt auf unsere Botox Behandlung, Hyaluron Filler Behandlung und Fett weg Spritze!<\/p>\n<\/div>\n<\/div>\n<p>[\/vc_column_text][vc_column_text]<\/p>\n<div class=\"sc85_heading wpb_content_element impact center\">\n<div class=\"subtitle\">\n<p style=\"text-align: center; font-size: 12pt;\"><strong>\u2713 \u00e4rztliche Expertise mit dem Auge f\u00fcr Nat\u00fcrlichkeit<br \/>\n\u2713 minimal-invasiv &amp; ohne Ausfallzeit<br \/>\n\u2713 sofort sichtbare Ergebnisse<br \/>\n\u2713 inkl. Nachkontrolltermin nach 14 Tagen<br \/>\n<\/strong><\/p>\n<\/div>\n<\/div>\n<p>[\/vc_column_text][\/vc_column][\/vc_row][vc_row el_id=&#8220;botox&#8220;][vc_column][vc_row_inner][vc_column_inner width=&#8220;1\/6&#8243;][\/vc_column_inner][vc_column_inner width=&#8220;2\/3&#8243;][vc_single_image image=&#8220;6371&#8243; img_size=&#8220;full&#8220; alignment=&#8220;center&#8220; css=&#8220;.vc_custom_1751645405618{margin-bottom: 16px !important;}&#8220;][\/vc_column_inner][vc_column_inner width=&#8220;1\/6&#8243;][\/vc_column_inner][\/vc_row_inner][vc_column_text css=&#8220;.vc_custom_1757933024889{margin-top: 23px !important;margin-bottom: 16pt !important;}&#8220;]<\/p>\n<div class=\"sc85_heading wpb_content_element inverted center\">\n<h1 class=\"title\" style=\"text-align: center; font-size: 30pt;\">Botox Falten\u00adbehandlung<\/h1>\n<\/div>\n<p>[\/vc_column_text][vc_column_text css=&#8220;.vc_custom_1760105627816{margin-bottom: 23px !important;}&#8220;]<\/p>\n<div class=\"sc85_heading wpb_content_element impact center\">\n<div class=\"subtitle\">\n<p style=\"text-align: center; font-size: 12pt;\"><strong>\u2713 gl\u00e4ttet Stirn-, Zornes- &amp; Augenfalten oder Kr\u00e4henf\u00fc\u00dfen<\/strong><strong><br \/>\n\u2713 schnell sichtbare Ergebnisse ohne Ausfallzeit<br \/>\n\u2713 h\u00f6chste Sicherheit dank erfahrener Fach\u00e4rztin<br \/>\n\u2713 hochwertige Produkte f\u00fcr maximale Wirkung<br \/>\n\u2713 inkl. Nachkontrolltermin nach 14 Tagen<\/strong><\/p>\n<p style=\"text-align: center; font-size: 12pt;\"><span style=\"font-size: 16pt;\"><strong>50 \u20ac Rabatt<br \/>\n<\/strong><\/span><em>bei einer 2 Zonen Behandlung<\/em><\/p>\n<p style=\"text-align: center; font-size: 12pt;\"><span style=\"font-size: 16pt;\"><strong>100 \u20ac Rabatt<br \/>\n<\/strong><\/span><em>bei einer 4 Zonen Behandlung<\/em><strong><br \/>\n<\/strong><\/p>\n<\/div>\n<\/div>\n<p>[\/vc_column_text]<div class=\"sc85_button large center\"><a href=\"https:\/\/dominik-s.de\/hofaesthetics\/rabatte\/#sichern\" title=\"Rabatt sichern\" class=\"button\">Rabatt sichern<\/a><\/div>[vc_empty_space][vc_column_text]<\/p>\n<div class=\"sc85_heading wpb_content_element impact center\">\n<div class=\"subtitle\">\n<p style=\"text-align: center; font-size: 12pt;\"><span style=\"font-size: 14pt;\"><strong>In besten H\u00e4nden \u2013 mit medizinischer Expertise<br \/>\n<\/strong><\/span>Bei Hof\u00c4sthetics wirst du ausschlie\u00dflich von unserer erfahrenen \u00c4rztin Lina Mahfoud behandelt, Fach\u00e4rztin f\u00fcr Neurologie im Sana Klinikum und Spezialistin f\u00fcr \u00e4sthetische Medizin. Ihr geschulter Blick f\u00fcr Harmonie und Nat\u00fcrlichkeit macht den Unterschied, f\u00fcr Ergebnisse, die begeistern!<\/p>\n<\/div>\n<\/div>\n<p>[\/vc_column_text][vc_empty_space][\/vc_column][\/vc_row][vc_row][vc_column][vc_empty_space][\/vc_column][\/vc_row][vc_row el_id=&#8220;filler&#8220;][vc_column][vc_row_inner][vc_column_inner width=&#8220;1\/6&#8243;][\/vc_column_inner][vc_column_inner width=&#8220;2\/3&#8243;][vc_single_image image=&#8220;6436&#8243; img_size=&#8220;full&#8220; alignment=&#8220;center&#8220; css=&#8220;.vc_custom_1757406697371{margin-bottom: 16px !important;}&#8220;][\/vc_column_inner][vc_column_inner width=&#8220;1\/6&#8243;][\/vc_column_inner][\/vc_row_inner][vc_column_text css=&#8220;.vc_custom_1757933032099{margin-top: 23px !important;margin-bottom: 16pt !important;}&#8220;]<\/p>\n<div class=\"sc85_heading wpb_content_element inverted center\">\n<h1 class=\"title\" style=\"text-align: center; font-size: 30pt;\">Hyaluron Filler<\/h1>\n<\/div>\n<p>[\/vc_column_text][vc_column_text css=&#8220;.vc_custom_1760105636402{margin-bottom: 23px !important;}&#8220;]<\/p>\n<div class=\"sc85_heading wpb_content_element impact center\">\n<div class=\"subtitle\">\n<p style=\"text-align: center; font-size: 12pt;\"><strong>\u2713 mehr Volumen f\u00fcr Wangen, Lippen &amp; Jawline<br \/>\n\u2713 mildert Nasolabialfalten und Augenringe<br \/>\n\u2713 schnell sichtbare Ergebnisse ohne Ausfallzeit<br \/>\n\u2713 h\u00f6chste Sicherheit dank erfahrener Fach\u00e4rztin<br \/>\n\u2713 hochwertige Produkte f\u00fcr maximale Wirkung<br \/>\n\u2713 inkl. Nachkontrolltermin nach 14 Tagen<br \/>\n<\/strong><\/p>\n<p style=\"text-align: center; font-size: 12pt;\"><span style=\"font-size: 16pt;\"><strong>50 \u20ac Rabatt<br \/>\n<\/strong><\/span><em>bei einer 2 Zonen Behandlung<\/em><\/p>\n<p style=\"text-align: center; font-size: 12pt;\"><span style=\"font-size: 16pt;\"><strong>100 \u20ac Rabatt<br \/>\n<\/strong><\/span><em>bei einer 4 Zonen Behandlung<\/em><strong><br \/>\n<\/strong><\/p>\n<\/div>\n<\/div>\n<p>[\/vc_column_text]<div class=\"sc85_button large center\"><a href=\"https:\/\/dominik-s.de\/hofaesthetics\/rabatte\/#sichern\" title=\"Rabatt sichern\" class=\"button\">Rabatt sichern<\/a><\/div>[vc_empty_space][vc_column_text]<\/p>\n<div class=\"sc85_heading wpb_content_element impact center\">\n<div class=\"subtitle\">\n<p style=\"text-align: center; font-size: 12pt;\"><span style=\"font-size: 14pt;\"><strong>In besten H\u00e4nden \u2013 mit medizinischer Expertise<br \/>\n<\/strong><\/span>Bei Hof\u00c4sthetics wirst du ausschlie\u00dflich von unserer erfahrenen \u00c4rztin Lina Mahfoud behandelt, Fach\u00e4rztin f\u00fcr Neurologie im Sana Klinikum und Spezialistin f\u00fcr \u00e4sthetische Medizin. Ihr geschulter Blick f\u00fcr Harmonie und Nat\u00fcrlichkeit macht den Unterschied, f\u00fcr Ergebnisse, die begeistern!<\/p>\n<\/div>\n<\/div>\n<p>[\/vc_column_text][vc_empty_space][\/vc_column][\/vc_row][vc_row][vc_column][vc_empty_space][\/vc_column][\/vc_row][vc_row el_id=&#8220;fett-weg-spritze&#8220;][vc_column][vc_row_inner][vc_column_inner width=&#8220;1\/6&#8243;][\/vc_column_inner][vc_column_inner width=&#8220;2\/3&#8243;][vc_single_image image=&#8220;6376&#8243; img_size=&#8220;full&#8220; alignment=&#8220;center&#8220; css=&#8220;.vc_custom_1751645500507{margin-bottom: 16px !important;}&#8220;][\/vc_column_inner][vc_column_inner width=&#8220;1\/6&#8243;][\/vc_column_inner][\/vc_row_inner][vc_column_text css=&#8220;.vc_custom_1757933043497{margin-top: 23px !important;margin-bottom: 16pt !important;}&#8220;]<\/p>\n<div class=\"sc85_heading wpb_content_element inverted center\">\n<h1 class=\"title\" style=\"text-align: center; font-size: 30pt;\">Fett weg Spritze<\/h1>\n<\/div>\n<p>[\/vc_column_text][vc_column_text css=&#8220;.vc_custom_1760105644968{margin-bottom: 23px !important;}&#8220;]<\/p>\n<div class=\"sc85_heading wpb_content_element impact center\">\n<div class=\"subtitle\">\n<p style=\"text-align: center; font-size: 12pt;\"><strong>\u2713 reduziert gezielt hartn\u00e4ckige Fettp\u00f6lsterchen<br \/>\n\u2713 sichtbare Fettreduktion ohne Operation<br data-start=\"1078\" data-end=\"1081\" \/>\u2713 ideal f\u00fcr Kinn, Bauch, H\u00fcften &amp; Reiterhosen<\/strong><br \/>\n<strong>\u2713 h\u00f6chste Sicherheit dank erfahrener Fach\u00e4rztin<\/strong><br \/>\n<strong>\u2713 hochwertige Produkte f\u00fcr maximale Wirkung<\/strong><br \/>\n<strong>\u2713 inkl. Nachkontrolltermin nach 14 Tagen<\/strong><\/p>\n<p style=\"text-align: center; font-size: 12pt;\"><span style=\"font-size: 16pt;\"><strong>50 \u20ac Rabatt<br \/>\n<\/strong><\/span><em>bei einer 2 Zonen Behandlung<\/em><\/p>\n<p style=\"text-align: center; font-size: 12pt;\"><span style=\"font-size: 16pt;\"><strong>100 \u20ac Rabatt<br \/>\n<\/strong><\/span><em>bei einer 4 Zonen Behandlung<\/em><strong><br \/>\n<\/strong><\/p>\n<\/div>\n<\/div>\n<p>[\/vc_column_text]<div class=\"sc85_button large center\"><a href=\"https:\/\/dominik-s.de\/hofaesthetics\/rabatte\/#sichern\" title=\"Rabatt sichern\" class=\"button\">Rabatt sichern<\/a><\/div>[vc_empty_space][vc_column_text]<\/p>\n<div class=\"sc85_heading wpb_content_element impact center\">\n<div class=\"subtitle\">\n<p style=\"text-align: center; font-size: 12pt;\"><span style=\"font-size: 14pt;\"><strong>In besten H\u00e4nden \u2013 mit medizinischer Expertise<br \/>\n<\/strong><\/span>Bei Hof\u00c4sthetics wirst du ausschlie\u00dflich von unserer erfahrenen \u00c4rztin Lina Mahfoud behandelt, Fach\u00e4rztin f\u00fcr Neurologie im Sana Klinikum und Spezialistin f\u00fcr \u00e4sthetische Medizin. Ihr geschulter Blick f\u00fcr Harmonie und Nat\u00fcrlichkeit macht den Unterschied, f\u00fcr Ergebnisse, die begeistern!<\/p>\n<\/div>\n<\/div>\n<p>[\/vc_column_text][vc_empty_space][\/vc_column][\/vc_row][vc_row][vc_column][vc_empty_space height=&#8220;48px&#8220;][\/vc_column][\/vc_row][vc_row el_id=&#8220;sichern&#8220;][vc_column][vc_column_text css=&#8220;.vc_custom_1757933127407{margin-bottom: 16pt !important;}&#8220;]<\/p>\n<div class=\"sc85_heading wpb_content_element inverted center\">\n<h1 class=\"title\" style=\"text-align: center; font-size: 30pt;\">Jetzt Rabatt sichern!<\/h1>\n<\/div>\n<p>[\/vc_column_text][vc_column_text]<\/p>\n<div class=\"sc85_heading wpb_content_element impact center\">\n<div class=\"subtitle\">\n<p style=\"text-align: center; font-size: 12pt;\">Bitte f\u00fclle dazu das Kontaktformular aus, schreib uns \u00fcber WhatsApp oder buche deinen Wunschtermin gleich online.<\/p>\n<\/div>\n<\/div>\n<p>[\/vc_column_text][vc_column_text]<a href=\"https:\/\/wa.me\/491774139782?text=Hallo,%20ich%20m%C3%B6chte%20gerne%20das%20Rabatt%20Paket%20sichern.%20F\u00fcr%20die%20Behandlung:%20...%20Viele%20Gr\u00fc\u00dfe\"><img decoding=\"async\" class=\"wp-image-4818 aligncenter\" src=\"https:\/\/dominik-s.de\/hofbeauty\/wp-content\/uploads\/sites\/4\/2023\/11\/HB-Phone-HGbild-2.png\" alt=\"HofBeauty WhatsApp Kontakt\" width=\"116\" height=\"116\" \/><\/a><\/p>\n<p style=\"color: #26d367; text-align: center;\"><span style=\"font-size: 14pt;\"><strong>\u00fcber WhatsApp kontaktieren:<\/strong><\/span><br \/>\n<span style=\"font-size: 16pt;\"><strong><a style=\"color: #26d367;\" href=\"https:\/\/wa.me\/491774139782?text=Hallo,%20ich%20m%C3%B6chte%20gerne%20das%20Rabatt%20Paket%20sichern.%20F\u00fcr%20die%20Behandlung:%20...%20Viele%20Gr\u00fc\u00dfe\" target=\"_blank\" rel=\"noopener noreferrer\">0177\u00a04139 782<\/a><\/strong><\/span><\/p>\n<p>[\/vc_column_text]\n<div class=\"wpcf7 no-js\" id=\"wpcf7-f6364-o1\" lang=\"de-DE\" dir=\"ltr\" data-wpcf7-id=\"6364\">\n<div class=\"screen-reader-response\"><p role=\"status\" aria-live=\"polite\" aria-atomic=\"true\"><\/p> <ul><\/ul><\/div>\n<form action=\"\/hofaesthetics\/wp-json\/wp\/v2\/pages\/6359#wpcf7-f6364-o1\" method=\"post\" class=\"wpcf7-form init\" aria-label=\"Kontaktformular\" novalidate=\"novalidate\" data-status=\"init\">\n<fieldset class=\"hidden-fields-container\"><input type=\"hidden\" name=\"_wpcf7\" value=\"6364\" \/><input type=\"hidden\" name=\"_wpcf7_version\" value=\"6.1.4\" \/><input type=\"hidden\" name=\"_wpcf7_locale\" value=\"de_DE\" \/><input type=\"hidden\" name=\"_wpcf7_unit_tag\" value=\"wpcf7-f6364-o1\" \/><input type=\"hidden\" name=\"_wpcf7_container_post\" value=\"0\" \/><input type=\"hidden\" name=\"_wpcf7_posted_data_hash\" value=\"\" \/><input type=\"hidden\" name=\"_wpcf7_recaptcha_response\" value=\"\" \/>\n<\/fieldset>\n<p class=\"field name\"><span class=\"wpcf7-form-control-wrap\" data-name=\"name1\"><input size=\"40\" maxlength=\"400\" class=\"wpcf7-form-control wpcf7-text wpcf7-validates-as-required\" aria-required=\"true\" aria-invalid=\"false\" placeholder=\"Vorname und Nachname...\" value=\"\" type=\"text\" name=\"name1\" \/><\/span>\n<\/p>\n<p class=\"field email\"><span class=\"wpcf7-form-control-wrap\" data-name=\"email\"><input size=\"40\" maxlength=\"400\" class=\"wpcf7-form-control wpcf7-email wpcf7-validates-as-required wpcf7-text wpcf7-validates-as-email\" aria-required=\"true\" aria-invalid=\"false\" placeholder=\"E-Mail...\" value=\"\" type=\"email\" name=\"email\" \/><\/span>\n<\/p>\n<p class=\"field phone\"><span class=\"wpcf7-form-control-wrap\" data-name=\"telefon\"><input size=\"40\" maxlength=\"400\" class=\"wpcf7-form-control wpcf7-tel wpcf7-validates-as-required wpcf7-text wpcf7-validates-as-tel\" aria-required=\"true\" aria-invalid=\"false\" placeholder=\"Telefonnummer...\" value=\"\" type=\"tel\" name=\"telefon\" \/><\/span>\n<\/p>\n<p class=\"field\"><strong>Bitte Rabatt w\u00e4hlen:<\/strong>\n<\/p>\n<p><span class=\"wpcf7-form-control-wrap\" data-name=\"rabatt\"><span class=\"wpcf7-form-control wpcf7-checkbox\"><span class=\"wpcf7-list-item first\"><input type=\"checkbox\" name=\"rabatt[]\" value=\"50\u20ac Rabatt\" \/><span class=\"wpcf7-list-item-label\">50\u20ac Rabatt<\/span><\/span><span class=\"wpcf7-list-item last\"><input type=\"checkbox\" name=\"rabatt[]\" value=\"100\u20ac Rabatt\" \/><span class=\"wpcf7-list-item-label\">100\u20ac Rabatt<\/span><\/span><\/span><\/span>\n<\/p>\n<p class=\"field\"><strong>Bitte Behandlung w\u00e4hlen:<\/strong>\n<\/p>\n<p><span class=\"wpcf7-form-control-wrap\" data-name=\"behandlung\"><span class=\"wpcf7-form-control wpcf7-checkbox\"><span class=\"wpcf7-list-item first\"><input type=\"checkbox\" name=\"behandlung[]\" value=\"Botox Faltenreduktion\" \/><span class=\"wpcf7-list-item-label\">Botox Faltenreduktion<\/span><\/span><span class=\"wpcf7-list-item\"><input type=\"checkbox\" name=\"behandlung[]\" value=\"Hyaluron Filler\" \/><span class=\"wpcf7-list-item-label\">Hyaluron Filler<\/span><\/span><span class=\"wpcf7-list-item last\"><input type=\"checkbox\" name=\"behandlung[]\" value=\"Fett-weg-Spritze\" \/><span class=\"wpcf7-list-item-label\">Fett-weg-Spritze<\/span><\/span><\/span><\/span>\n<\/p>\n<p class=\"field message\"><span class=\"wpcf7-form-control-wrap\" data-name=\"nachricht\"><textarea cols=\"40\" rows=\"10\" maxlength=\"2000\" class=\"wpcf7-form-control wpcf7-textarea\" aria-invalid=\"false\" placeholder=\"Ihre Nachricht...\" name=\"nachricht\"><\/textarea><\/span>\n<\/p>\n<p class=\"field submit full\"><input class=\"wpcf7-form-control wpcf7-submit has-spinner\" type=\"submit\" value=\"Rabatt sichern\" \/>\n<\/p>\n<p class=\"field submit full\"><span class=\"wpcf7-form-control-wrap\" data-name=\"datenschutz\"><span class=\"wpcf7-form-control wpcf7-acceptance\"><span class=\"wpcf7-list-item\"><label><input type=\"checkbox\" name=\"datenschutz\" value=\"1\" aria-invalid=\"false\" \/><span class=\"wpcf7-list-item-label\">Hiermit willige ich ein, dass meine eingegebenen pers\u00f6nlichen Daten, nur zur Bearbeitung der Anfrage elektronisch gespeichert werden d\u00fcrfen. Ich habe die <a href=\"https:\/\/dominik-s.de\/datenschutz\/\" target=\"_blank\">Datenschutzerkl\u00e4rung<\/a> gelesen und stimme dieser zu.<\/span><\/label><\/span><\/span><\/span>\n<\/p><div class=\"wpcf7-response-output\" aria-hidden=\"true\"><\/div>\n<\/form>\n<\/div>\n[vc_empty_space height=&#8220;59px&#8220;][vc_column_text css=&#8220;.vc_custom_1763723988155{margin-bottom: 16pt !important;}&#8220;]<\/p>\n<div class=\"sc85_heading wpb_content_element inverted center\">\n<div class=\"subtitle\" style=\"text-align: center; font-size: 12pt; color: #484848;\">Wunschtermin buchen<\/div>\n<h1 class=\"title\" style=\"text-align: center; font-size: 30pt;\">Termin online buchen<\/h1>\n<\/div>\n<p>[\/vc_column_text][vc_column_text]<\/p>\n<div class=\"sc85_heading wpb_content_element impact center\">\n<div class=\"subtitle\">\n<p style=\"font-size: 12.9pt; text-align: center;\">Ab sofort k\u00f6nnen auch direkt online direkt Termine gebucht werden \u2013 schnell, flexibel und rund um die Uhr. Einfach Wunschtermin ausw\u00e4hlen, Kontaktdaten eingeben und fertig!<br \/>\n<span style=\"font-size: 10pt;\"><em>Sollten in der aktuellen Woche keinen freien Termin zu finden sein, bitte einfach oben auf die Pfeile klicken, um die kommenden Kalenderwochen anzuzeigen.<\/em><\/span><\/p>\n<\/div>\n<\/div>\n<p>[\/vc_column_text]<div class=\"sc85_button large center\"><a href=\"https:\/\/portal.aidoo-online.de\/terminvereinbarungen\/otv_2?datetypelfnr=137&#038;mandant=200500129_hofsports&#038;id=\" title=\"online Termin buchen\" class=\"button\">online Termin buchen<\/a><\/div>[\/vc_column][\/vc_row][vc_row][vc_column][vc_empty_space][\/vc_column][\/vc_row][vc_row][vc_column][vc_column_text]<\/p>\n<p>[\/vc_column_text][\/vc_column][\/vc_row]<\/p>\n","protected":false},"excerpt":{"rendered":"<p>[vc_row][vc_column][vc_empty_space height=&#8220;48px&#8220;][vc_column_text css=&#8220;.vc_custom_1763722559517{margin-bottom: 16pt !important;}&#8220;] bis zu 100\u20ac sparen Rabatt Pakete [\/vc_column_text][vc_column_text] Erlebe professionelle Behandlungen von unserer erfahrenen Fach\u00e4rztin Lina Mahfoud. Sichere dir unsere exklusiven Rabatte im Sommer f\u00fcr ein frisches &amp; nat\u00fcrliches Aussehen. Sicher dir bis zu 100\u20ac Rabatt auf unsere Botox Behandlung, Hyaluron Filler Behandlung und Fett weg Spritze! [\/vc_column_text][vc_column_text] \u2713 \u00e4rztliche Expertise [&hellip;]<\/p>\n","protected":false},"author":1,"featured_media":6367,"parent":0,"menu_order":1,"comment_status":"closed","ping_status":"closed","template":"","meta":{"footnotes":""},"class_list":["post-6359","page","type-page","status-publish","has-post-thumbnail","hentry"],"yoast_head":"<!-- This site is optimized with the Yoast SEO Premium plugin v26.5 (Yoast SEO v26.6) - https:\/\/yoast.com\/wordpress\/plugins\/seo\/ -->\n<title>Rabatte im Hof\u00c4sthetics<\/title>\n<meta name=\"description\" content=\"Ganz einfach die gew\u00fcnschte Behandlung mit der gew\u00fcnschten Rabatt Option ausw\u00e4hlen und bei der n\u00e4chsten Behandlung viel Geld sparen!\" \/>\n<meta name=\"robots\" content=\"index, follow, max-snippet:-1, max-image-preview:large, max-video-preview:-1\" \/>\n<link rel=\"canonical\" href=\"https:\/\/dominik-s.de\/hofaesthetics\/rabatte\/\" \/>\n<meta property=\"og:locale\" content=\"de_DE\" \/>\n<meta property=\"og:type\" content=\"article\" \/>\n<meta property=\"og:title\" content=\"Rabatt Pakete\" \/>\n<meta property=\"og:description\" content=\"Ganz einfach die gew\u00fcnschte Behandlung mit der gew\u00fcnschten Rabatt Option ausw\u00e4hlen und bei der n\u00e4chsten Behandlung viel Geld sparen!\" \/>\n<meta property=\"og:url\" content=\"https:\/\/dominik-s.de\/hofaesthetics\/rabatte\/\" \/>\n<meta property=\"og:site_name\" content=\"Hof \u00c4sthetics\" \/>\n<meta property=\"article:modified_time\" content=\"2025-11-21T11:19:54+00:00\" \/>\n<meta property=\"og:image\" content=\"https:\/\/dominik-s.de\/hofaesthetics\/wp-content\/uploads\/sites\/16\/2025\/07\/HofAestehtics-Sommer-Rabatte.jpg\" \/>\n\t<meta property=\"og:image:width\" content=\"1000\" \/>\n\t<meta property=\"og:image:height\" content=\"1000\" \/>\n\t<meta property=\"og:image:type\" content=\"image\/jpeg\" \/>\n<meta name=\"twitter:card\" content=\"summary_large_image\" \/>\n<meta name=\"twitter:label1\" content=\"Gesch\u00e4tzte Lesezeit\" \/>\n\t<meta name=\"twitter:data1\" content=\"4\u00a0Minuten\" \/>\n<script type=\"application\/ld+json\" class=\"yoast-schema-graph\">{\"@context\":\"https:\/\/schema.org\",\"@graph\":[{\"@type\":\"WebPage\",\"@id\":\"https:\/\/dominik-s.de\/hofaesthetics\/rabatte\/\",\"url\":\"https:\/\/dominik-s.de\/hofaesthetics\/rabatte\/\",\"name\":\"Rabatte im Hof\u00c4sthetics\",\"isPartOf\":{\"@id\":\"https:\/\/dominik-s.de\/hofaesthetics\/#website\"},\"primaryImageOfPage\":{\"@id\":\"https:\/\/dominik-s.de\/hofaesthetics\/rabatte\/#primaryimage\"},\"image\":{\"@id\":\"https:\/\/dominik-s.de\/hofaesthetics\/rabatte\/#primaryimage\"},\"thumbnailUrl\":\"https:\/\/dominik-s.de\/hofaesthetics\/wp-content\/uploads\/sites\/16\/2025\/07\/HofAestehtics-Sommer-Rabatte.jpg\",\"datePublished\":\"2025-07-04T15:26:39+00:00\",\"dateModified\":\"2025-11-21T11:19:54+00:00\",\"description\":\"Ganz einfach die gew\u00fcnschte Behandlung mit der gew\u00fcnschten Rabatt Option ausw\u00e4hlen und bei der n\u00e4chsten Behandlung viel Geld sparen!\",\"breadcrumb\":{\"@id\":\"https:\/\/dominik-s.de\/hofaesthetics\/rabatte\/#breadcrumb\"},\"inLanguage\":\"de\",\"potentialAction\":[{\"@type\":\"ReadAction\",\"target\":[\"https:\/\/dominik-s.de\/hofaesthetics\/rabatte\/\"]}]},{\"@type\":\"ImageObject\",\"inLanguage\":\"de\",\"@id\":\"https:\/\/dominik-s.de\/hofaesthetics\/rabatte\/#primaryimage\",\"url\":\"https:\/\/dominik-s.de\/hofaesthetics\/wp-content\/uploads\/sites\/16\/2025\/07\/HofAestehtics-Sommer-Rabatte.jpg\",\"contentUrl\":\"https:\/\/dominik-s.de\/hofaesthetics\/wp-content\/uploads\/sites\/16\/2025\/07\/HofAestehtics-Sommer-Rabatte.jpg\",\"width\":1000,\"height\":1000,\"caption\":\"Hof\u00c4stehtics Botox Rabatt Hyaluron Rabatt Fett weg Spritze Rabatt\"},{\"@type\":\"BreadcrumbList\",\"@id\":\"https:\/\/dominik-s.de\/hofaesthetics\/rabatte\/#breadcrumb\",\"itemListElement\":[{\"@type\":\"ListItem\",\"position\":1,\"name\":\"Startseite\",\"item\":\"https:\/\/dominik-s.de\/hofaesthetics\/\"},{\"@type\":\"ListItem\",\"position\":2,\"name\":\"Rabatt Pakete\"}]},{\"@type\":\"WebSite\",\"@id\":\"https:\/\/dominik-s.de\/hofaesthetics\/#website\",\"url\":\"https:\/\/dominik-s.de\/hofaesthetics\/\",\"name\":\"Hof \u00c4sthetics\",\"description\":\"Praxis f\u00fcr medizinische Kosmetik in Hof\",\"potentialAction\":[{\"@type\":\"SearchAction\",\"target\":{\"@type\":\"EntryPoint\",\"urlTemplate\":\"https:\/\/dominik-s.de\/hofaesthetics\/?s={search_term_string}\"},\"query-input\":{\"@type\":\"PropertyValueSpecification\",\"valueRequired\":true,\"valueName\":\"search_term_string\"}}],\"inLanguage\":\"de\"}]}<\/script>\n<!-- \/ Yoast SEO Premium plugin. -->","yoast_head_json":{"title":"Rabatte im Hof\u00c4sthetics","description":"Ganz einfach die gew\u00fcnschte Behandlung mit der gew\u00fcnschten Rabatt Option ausw\u00e4hlen und bei der n\u00e4chsten Behandlung viel Geld sparen!","robots":{"index":"index","follow":"follow","max-snippet":"max-snippet:-1","max-image-preview":"max-image-preview:large","max-video-preview":"max-video-preview:-1"},"canonical":"https:\/\/dominik-s.de\/hofaesthetics\/rabatte\/","og_locale":"de_DE","og_type":"article","og_title":"Rabatt Pakete","og_description":"Ganz einfach die gew\u00fcnschte Behandlung mit der gew\u00fcnschten Rabatt Option ausw\u00e4hlen und bei der n\u00e4chsten Behandlung viel Geld sparen!","og_url":"https:\/\/dominik-s.de\/hofaesthetics\/rabatte\/","og_site_name":"Hof \u00c4sthetics","article_modified_time":"2025-11-21T11:19:54+00:00","og_image":[{"width":1000,"height":1000,"url":"https:\/\/dominik-s.de\/hofaesthetics\/wp-content\/uploads\/sites\/16\/2025\/07\/HofAestehtics-Sommer-Rabatte.jpg","type":"image\/jpeg"}],"twitter_card":"summary_large_image","twitter_misc":{"Gesch\u00e4tzte Lesezeit":"4\u00a0Minuten"},"schema":{"@context":"https:\/\/schema.org","@graph":[{"@type":"WebPage","@id":"https:\/\/dominik-s.de\/hofaesthetics\/rabatte\/","url":"https:\/\/dominik-s.de\/hofaesthetics\/rabatte\/","name":"Rabatte im Hof\u00c4sthetics","isPartOf":{"@id":"https:\/\/dominik-s.de\/hofaesthetics\/#website"},"primaryImageOfPage":{"@id":"https:\/\/dominik-s.de\/hofaesthetics\/rabatte\/#primaryimage"},"image":{"@id":"https:\/\/dominik-s.de\/hofaesthetics\/rabatte\/#primaryimage"},"thumbnailUrl":"https:\/\/dominik-s.de\/hofaesthetics\/wp-content\/uploads\/sites\/16\/2025\/07\/HofAestehtics-Sommer-Rabatte.jpg","datePublished":"2025-07-04T15:26:39+00:00","dateModified":"2025-11-21T11:19:54+00:00","description":"Ganz einfach die gew\u00fcnschte Behandlung mit der gew\u00fcnschten Rabatt Option ausw\u00e4hlen und bei der n\u00e4chsten Behandlung viel Geld sparen!","breadcrumb":{"@id":"https:\/\/dominik-s.de\/hofaesthetics\/rabatte\/#breadcrumb"},"inLanguage":"de","potentialAction":[{"@type":"ReadAction","target":["https:\/\/dominik-s.de\/hofaesthetics\/rabatte\/"]}]},{"@type":"ImageObject","inLanguage":"de","@id":"https:\/\/dominik-s.de\/hofaesthetics\/rabatte\/#primaryimage","url":"https:\/\/dominik-s.de\/hofaesthetics\/wp-content\/uploads\/sites\/16\/2025\/07\/HofAestehtics-Sommer-Rabatte.jpg","contentUrl":"https:\/\/dominik-s.de\/hofaesthetics\/wp-content\/uploads\/sites\/16\/2025\/07\/HofAestehtics-Sommer-Rabatte.jpg","width":1000,"height":1000,"caption":"Hof\u00c4stehtics Botox Rabatt Hyaluron Rabatt Fett weg Spritze Rabatt"},{"@type":"BreadcrumbList","@id":"https:\/\/dominik-s.de\/hofaesthetics\/rabatte\/#breadcrumb","itemListElement":[{"@type":"ListItem","position":1,"name":"Startseite","item":"https:\/\/dominik-s.de\/hofaesthetics\/"},{"@type":"ListItem","position":2,"name":"Rabatt Pakete"}]},{"@type":"WebSite","@id":"https:\/\/dominik-s.de\/hofaesthetics\/#website","url":"https:\/\/dominik-s.de\/hofaesthetics\/","name":"Hof \u00c4sthetics","description":"Praxis f\u00fcr medizinische Kosmetik in Hof","potentialAction":[{"@type":"SearchAction","target":{"@type":"EntryPoint","urlTemplate":"https:\/\/dominik-s.de\/hofaesthetics\/?s={search_term_string}"},"query-input":{"@type":"PropertyValueSpecification","valueRequired":true,"valueName":"search_term_string"}}],"inLanguage":"de"}]}},"_links":{"self":[{"href":"https:\/\/dominik-s.de\/hofaesthetics\/wp-json\/wp\/v2\/pages\/6359","targetHints":{"allow":["GET"]}}],"collection":[{"href":"https:\/\/dominik-s.de\/hofaesthetics\/wp-json\/wp\/v2\/pages"}],"about":[{"href":"https:\/\/dominik-s.de\/hofaesthetics\/wp-json\/wp\/v2\/types\/page"}],"author":[{"embeddable":true,"href":"https:\/\/dominik-s.de\/hofaesthetics\/wp-json\/wp\/v2\/users\/1"}],"replies":[{"embeddable":true,"href":"https:\/\/dominik-s.de\/hofaesthetics\/wp-json\/wp\/v2\/comments?post=6359"}],"version-history":[{"count":28,"href":"https:\/\/dominik-s.de\/hofaesthetics\/wp-json\/wp\/v2\/pages\/6359\/revisions"}],"predecessor-version":[{"id":6472,"href":"https:\/\/dominik-s.de\/hofaesthetics\/wp-json\/wp\/v2\/pages\/6359\/revisions\/6472"}],"wp:featuredmedia":[{"embeddable":true,"href":"https:\/\/dominik-s.de\/hofaesthetics\/wp-json\/wp\/v2\/media\/6367"}],"wp:attachment":[{"href":"https:\/\/dominik-s.de\/hofaesthetics\/wp-json\/wp\/v2\/media?parent=6359"}],"curies":[{"name":"wp","href":"https:\/\/api.w.org\/{rel}","templated":true}]}}