{"id":113,"date":"2016-11-09T11:06:01","date_gmt":"2016-11-09T10:06:01","guid":{"rendered":"http:\/\/vianovashop.de\/hofspeedbody\/?page_id=113"},"modified":"2021-12-07T08:48:06","modified_gmt":"2021-12-07T07:48:06","slug":"ems-training-mit-miha-bodytec","status":"publish","type":"page","link":"https:\/\/dominik-s.de\/hofspeedbody\/ems-training-mit-miha-bodytec\/","title":{"rendered":"EMS-Training mit miha bodytec"},"content":{"rendered":"<p>[vc_row][vc_column] <div class=\"sc85_heading wpb_content_element impact center\"> <h2 class=\"title\">Was ist EMS-Training<cite class=\"separator\"><\/cite><\/h2> <div class=\"subtitle\">MIT MIHA BODYTEC?<\/div> <\/div> [\/vc_column][\/vc_row][vc_row][vc_column][vc_column_text]<\/p>\n<h2>Sofortige F\u00f6rderung des wichtigsten Muskelfasertyps beim EMS-Training!<\/h2>\n<p>Im Alltag und bei normalem Krafttraining im Fitnessstudio werden immer zuerst langsame Muskelfasern des Typs 1 (Slow-Twitch-Fasern) gef\u00f6rdert; erst bei h\u00f6herer Beanspruchung die f\u00fcr den Muskelaufbau relevanteren, schnellen und kr\u00e4ftigen Fasern des Typs 2 (Fast-Twitch-Fasern).<\/p>\n<h3><\/h3>\n<p>[\/vc_column_text][\/vc_column][\/vc_row][vc_row][vc_column][vc_single_image image=&#8220;163&#8243; img_size=&#8220;full&#8220; alignment=&#8220;center&#8220;][\/vc_column][\/vc_row][vc_row][vc_column][vc_column_text]<\/p>\n<h3>Synchrone Aktivierungen<\/h3>\n<p>Ein weiterer Vorteil von EMS-Training in den Bodystreet-Fitnessstudios gegen\u00fcber herk\u00f6mmlichem Krafttraining: Bei elektrostimuliertem Training werden nahezu alle motorischen Einheiten synchron aktiviert. In der gleichen Zeit, in der man bisher nur einige wenige Muskelgruppen trainieren konnte, kann man jetzt ein Ganzk\u00f6rpertraining durchf\u00fchren. Ebenfalls synchron bei EMS: die Aktivierung von Agonist und Antagonist (Gegenspieler). Auch das macht das Training wesentlich effizienter: Ist es doch so, als w\u00fcrde man z. B. Bizeps und Trizeps gleichzeitig trainieren.<\/p>\n<h3>Tiefenwirksame Anspannung der Muskulatur<\/h3>\n<p>Mithilfe der frei w\u00e4hlbaren Trainingsparameter sind auch tief gelegene Muskelfasern gezielt zur St\u00e4rkung ansteuerbar. Anders als bei herk\u00f6mmlichem Krafttraining im Fitnessstudio muss EMS nicht mehr zeitraubend mit Halte\u00fcbungen f\u00fcr die tief liegende Muskulatur (wie z.B. bei Yoga oder Pilates) verbunden werden.<\/p>\n<h4>Soll ein Training erfolgreich sein, muss es grunds\u00e4tzliche, sportwissenschaftliche Erkenntnisse befolgen:<\/h4>\n<h3>Das Prinzip Anpassung<\/h3>\n<p>Um die sportliche Leistungsf\u00e4higkeit zu verbessern, muss man im Training sogenannte \u201e\u00fcberschwellige\u201c Belastungsreize setzen. Diese Reize gehen \u00fcber die gewohnte Belastung hinaus und st\u00f6ren das biologische Gleichgewicht. Diese St\u00f6rung f\u00fchrt zu einer Verbesserung der beanspruchten Systeme und bringt in deren Folge eine Leistungssteigerung mit sich. Training ist also nichts anderes als eine st\u00e4ndige Anpassung an steigende Belastungen.[\/vc_column_text][\/vc_column][\/vc_row][vc_row][vc_column]<div class=\"sc85_wrapper\" style=\"text-align:left; color:#ffffff; background-color:#fafafa; border:1px solid #eeeeee; -webkit-border-radius:10px; border-radius:10px; padding-top:20px; padding-bottom:20px; padding-left:10px; padding-right:10px; font-size:1em\"><div class=\"sc85_call_to_action wpb_content_element center_aligned\" style=\"color:#3d3d3d\"><div class=\"head section\"><h1 class=\"title\">Effektiv zum pers\u00f6nlichen Trainingsziel<\/h1><div class=\"subtitle\">Fit in 20 Minuten\/Woche<\/div><\/div><div class=\"foot section\"><div class=\"sc85_button normal inline\"><a href=\"http:\/\/dominik-s.de\/hofspeedbody\/kontakt-ems-studio-hofspeedbody\/\" title=\"Zum EMS Training anmelden\" class=\"button\"><i style=\"margin-right:5px\" class=\"fa fa-arrow-right\"><\/i>EMS-Training ausprobieren<\/a><\/div><\/div><\/div><\/div>[\/vc_column][\/vc_row][vc_row][vc_column][vc_empty_space][\/vc_column][\/vc_row][vc_row][vc_column][vc_single_image image=&#8220;99&#8243; img_size=&#8220;full&#8220; alignment=&#8220;center&#8220; onclick=&#8220;custom_link&#8220; link=&#8220;https:\/\/dominik-s.de&#8220;] <div class=\"sc85_heading wpb_content_element impact center\"> <h2 class=\"title\">Dominiks f\u00fcr deine Fitness, Wellness &amp; Gesundheit<cite class=\"separator\"><\/cite><\/h2> <div class=\"subtitle\">Dominiks bietet dir regelm\u00e4\u00dfig exklusive Angebote, die dir helfen deine Ergebnisse noch schneller zu erreichen. Besuche unsere Studios:<\/div> <\/div> <div class=\"sc85_partners wpb_content_element w_5cols sc85_animate sc85_bottom-to-top\"><div class=\"wrapper\"><div class=\"entry\" style=\"height:100px;\"><div class=\"logo\" style=\"padding:20px\"><img decoding=\"async\" src=\"https:\/\/dominik-s.de\/hofspeedbody\/wp-content\/uploads\/sites\/6\/2016\/07\/hofsports-158.png\" alt=\"HofSports\" \/><\/div><div class=\"overlay\"><a class=\"wrapper\" href=\"http:\/\/dominik-s.de\/hofsports\/\" title=\"Fitnessstudio HofSports\" target=\"\"><div class=\"name\">HofSports<\/div><div class=\"link\">dominik-s.de\/hofsports\/<\/div><\/a><\/div><\/div><div class=\"entry\" style=\"height:100px;\"><div class=\"logo\" style=\"padding:20px\"><img decoding=\"async\" src=\"https:\/\/dominik-s.de\/hofspeedbody\/wp-content\/uploads\/sites\/6\/2016\/07\/lady-sports-158.png\" alt=\"Lady-Sports\" \/><\/div><div class=\"overlay\"><a class=\"wrapper\" href=\"http:\/\/dominik-s.de\/ladysports\/\" title=\"Fitnessstudio Lady-Sports\" target=\"\"><div class=\"name\">Lady-Sports<\/div><div class=\"link\">dominik-s.de\/ladysports\/<\/div><\/a><\/div><\/div><div class=\"entry\" style=\"height:100px;\"><div class=\"logo\" style=\"padding:20px\"><img decoding=\"async\" src=\"https:\/\/dominik-s.de\/hofspeedbody\/wp-content\/uploads\/sites\/6\/2016\/07\/kryofit-158.png\" alt=\"KryoFit-Studio\" \/><\/div><div class=\"overlay\"><a class=\"wrapper\" href=\"http:\/\/dominik-s.de\/kryofit-studio\/\" title=\"Kryolipolyse-Studio KryoFit\" target=\"\"><div class=\"name\">KryoFit-Studio<\/div><div class=\"link\">dominik-s.de\/kryofit-studio\/<\/div><\/a><\/div><\/div><div class=\"entry\" style=\"height:100px;\"><div class=\"logo\" style=\"padding:20px\"><img decoding=\"async\" src=\"https:\/\/dominik-s.de\/hofspeedbody\/wp-content\/uploads\/sites\/6\/2016\/07\/hofbeauty-158.png\" alt=\"HofBeauty\" \/><\/div><div class=\"overlay\"><a class=\"wrapper\" href=\"http:\/\/dominik-s.de\/hofbeauty\/\" title=\"Kosmetikstudio HofBeauty\" target=\"\"><div class=\"name\">HofBeauty<\/div><div class=\"link\">dominik-s.de\/hofbeauty\/<\/div><\/a><\/div><\/div><div class=\"entry\" style=\"height:100px;\"><div class=\"logo\" style=\"padding:20px\"><img decoding=\"async\" src=\"https:\/\/dominik-s.de\/hofspeedbody\/wp-content\/uploads\/sites\/6\/2016\/07\/hofsun-158.png\" alt=\"HofSun\" \/><\/div><div class=\"overlay\"><a class=\"wrapper\" href=\"http:\/\/dominik-s.de\/hofsun\/\" title=\"Sonnenstudio HofSun\" target=\"\"><div class=\"name\">HofSun<\/div><div class=\"link\">dominik-s.de\/hofsun\/<\/div><\/a><\/div><\/div><div class=\"entry\" style=\"height:100px;\"><div class=\"logo\" style=\"padding:20px\"><img decoding=\"async\" src=\"https:\/\/dominik-s.de\/hofspeedbody\/wp-content\/uploads\/sites\/6\/2016\/07\/sportnahrung-158.jpg\" alt=\"Sportnahrung\" \/><\/div><div class=\"overlay\"><a class=\"wrapper\" href=\"https:\/\/dominik-s.com\" title=\"Sportnahrung by Dominiks\" target=\"_blank\"><div class=\"name\">Sportnahrung<\/div><div class=\"link\">dominik-s.com<\/div><\/a><\/div><\/div><\/div><\/div>[\/vc_column][\/vc_row]<\/p>\n","protected":false},"excerpt":{"rendered":"<p>[vc_row][vc_column][\/vc_column][\/vc_row][vc_row][vc_column][vc_column_text] Sofortige F\u00f6rderung des wichtigsten Muskelfasertyps beim EMS-Training! Im Alltag und bei normalem Krafttraining im Fitnessstudio werden immer zuerst langsame Muskelfasern des Typs 1 (Slow-Twitch-Fasern) gef\u00f6rdert; erst bei h\u00f6herer Beanspruchung die f\u00fcr den Muskelaufbau relevanteren, schnellen und kr\u00e4ftigen Fasern des Typs 2 (Fast-Twitch-Fasern). [\/vc_column_text][\/vc_column][\/vc_row][vc_row][vc_column][vc_single_image image=&#8220;163&#8243; img_size=&#8220;full&#8220; alignment=&#8220;center&#8220;][\/vc_column][\/vc_row][vc_row][vc_column][vc_column_text] Synchrone Aktivierungen Ein weiterer Vorteil von EMS-Training in [&hellip;]<\/p>\n","protected":false},"author":1,"featured_media":0,"parent":0,"menu_order":18,"comment_status":"closed","ping_status":"closed","template":"","meta":{"footnotes":""},"class_list":["post-113","page","type-page","status-publish","hentry"],"yoast_head":"<!-- This site is optimized with the Yoast SEO Premium plugin v26.5 (Yoast SEO v26.6) - https:\/\/yoast.com\/wordpress\/plugins\/seo\/ -->\n<title>EMS-Training mit mihy bodytec | DOMINIKS HofSpeedBody in Hof<\/title>\n<meta name=\"description\" content=\"Beim EMS-Training werden die wichtigsten Muskelfasertypen sofort gef\u00f6rdert. Das EMS-Ger\u00e4t von miha bodytec wird in Deutschland produziert.\" \/>\n<meta name=\"robots\" content=\"index, follow, max-snippet:-1, max-image-preview:large, max-video-preview:-1\" \/>\n<link rel=\"canonical\" href=\"https:\/\/dominik-s.de\/hofspeedbody\/ems-training-mit-miha-bodytec\/\" \/>\n<meta property=\"og:locale\" content=\"de_DE\" \/>\n<meta property=\"og:type\" content=\"article\" \/>\n<meta property=\"og:title\" content=\"EMS-Training mit miha bodytec\" \/>\n<meta property=\"og:description\" content=\"Beim EMS-Training werden die wichtigsten Muskelfasertypen sofort gef\u00f6rdert. Das EMS-Ger\u00e4t von miha bodytec wird in Deutschland produziert.\" \/>\n<meta property=\"og:url\" content=\"https:\/\/dominik-s.de\/hofspeedbody\/ems-training-mit-miha-bodytec\/\" \/>\n<meta property=\"og:site_name\" content=\"EMS Training in Hof\" \/>\n<meta property=\"article:modified_time\" content=\"2021-12-07T07:48:06+00:00\" \/>\n<meta name=\"twitter:card\" content=\"summary_large_image\" \/>\n<meta name=\"twitter:label1\" content=\"Gesch\u00e4tzte Lesezeit\" \/>\n\t<meta name=\"twitter:data1\" content=\"3\u00a0Minuten\" \/>\n<script type=\"application\/ld+json\" class=\"yoast-schema-graph\">{\"@context\":\"https:\/\/schema.org\",\"@graph\":[{\"@type\":\"WebPage\",\"@id\":\"https:\/\/dominik-s.de\/hofspeedbody\/ems-training-mit-miha-bodytec\/\",\"url\":\"https:\/\/dominik-s.de\/hofspeedbody\/ems-training-mit-miha-bodytec\/\",\"name\":\"EMS-Training mit mihy bodytec | DOMINIKS HofSpeedBody in Hof\",\"isPartOf\":{\"@id\":\"https:\/\/dominik-s.de\/hofspeedbody\/#website\"},\"datePublished\":\"2016-11-09T10:06:01+00:00\",\"dateModified\":\"2021-12-07T07:48:06+00:00\",\"description\":\"Beim EMS-Training werden die wichtigsten Muskelfasertypen sofort gef\u00f6rdert. Das EMS-Ger\u00e4t von miha bodytec wird in Deutschland produziert.\",\"breadcrumb\":{\"@id\":\"https:\/\/dominik-s.de\/hofspeedbody\/ems-training-mit-miha-bodytec\/#breadcrumb\"},\"inLanguage\":\"de\",\"potentialAction\":[{\"@type\":\"ReadAction\",\"target\":[\"https:\/\/dominik-s.de\/hofspeedbody\/ems-training-mit-miha-bodytec\/\"]}]},{\"@type\":\"BreadcrumbList\",\"@id\":\"https:\/\/dominik-s.de\/hofspeedbody\/ems-training-mit-miha-bodytec\/#breadcrumb\",\"itemListElement\":[{\"@type\":\"ListItem\",\"position\":1,\"name\":\"Startseite\",\"item\":\"https:\/\/dominik-s.de\/hofspeedbody\/\"},{\"@type\":\"ListItem\",\"position\":2,\"name\":\"EMS-Training mit miha bodytec\"}]},{\"@type\":\"WebSite\",\"@id\":\"https:\/\/dominik-s.de\/hofspeedbody\/#website\",\"url\":\"https:\/\/dominik-s.de\/hofspeedbody\/\",\"name\":\"EMS Training in Hof\",\"description\":\"DOMINIKS HofSpeedBody\",\"potentialAction\":[{\"@type\":\"SearchAction\",\"target\":{\"@type\":\"EntryPoint\",\"urlTemplate\":\"https:\/\/dominik-s.de\/hofspeedbody\/?s={search_term_string}\"},\"query-input\":{\"@type\":\"PropertyValueSpecification\",\"valueRequired\":true,\"valueName\":\"search_term_string\"}}],\"inLanguage\":\"de\"}]}<\/script>\n<!-- \/ Yoast SEO Premium plugin. -->","yoast_head_json":{"title":"EMS-Training mit mihy bodytec | DOMINIKS HofSpeedBody in Hof","description":"Beim EMS-Training werden die wichtigsten Muskelfasertypen sofort gef\u00f6rdert. Das EMS-Ger\u00e4t von miha bodytec wird in Deutschland produziert.","robots":{"index":"index","follow":"follow","max-snippet":"max-snippet:-1","max-image-preview":"max-image-preview:large","max-video-preview":"max-video-preview:-1"},"canonical":"https:\/\/dominik-s.de\/hofspeedbody\/ems-training-mit-miha-bodytec\/","og_locale":"de_DE","og_type":"article","og_title":"EMS-Training mit miha bodytec","og_description":"Beim EMS-Training werden die wichtigsten Muskelfasertypen sofort gef\u00f6rdert. Das EMS-Ger\u00e4t von miha bodytec wird in Deutschland produziert.","og_url":"https:\/\/dominik-s.de\/hofspeedbody\/ems-training-mit-miha-bodytec\/","og_site_name":"EMS Training in Hof","article_modified_time":"2021-12-07T07:48:06+00:00","twitter_card":"summary_large_image","twitter_misc":{"Gesch\u00e4tzte Lesezeit":"3\u00a0Minuten"},"schema":{"@context":"https:\/\/schema.org","@graph":[{"@type":"WebPage","@id":"https:\/\/dominik-s.de\/hofspeedbody\/ems-training-mit-miha-bodytec\/","url":"https:\/\/dominik-s.de\/hofspeedbody\/ems-training-mit-miha-bodytec\/","name":"EMS-Training mit mihy bodytec | DOMINIKS HofSpeedBody in Hof","isPartOf":{"@id":"https:\/\/dominik-s.de\/hofspeedbody\/#website"},"datePublished":"2016-11-09T10:06:01+00:00","dateModified":"2021-12-07T07:48:06+00:00","description":"Beim EMS-Training werden die wichtigsten Muskelfasertypen sofort gef\u00f6rdert. Das EMS-Ger\u00e4t von miha bodytec wird in Deutschland produziert.","breadcrumb":{"@id":"https:\/\/dominik-s.de\/hofspeedbody\/ems-training-mit-miha-bodytec\/#breadcrumb"},"inLanguage":"de","potentialAction":[{"@type":"ReadAction","target":["https:\/\/dominik-s.de\/hofspeedbody\/ems-training-mit-miha-bodytec\/"]}]},{"@type":"BreadcrumbList","@id":"https:\/\/dominik-s.de\/hofspeedbody\/ems-training-mit-miha-bodytec\/#breadcrumb","itemListElement":[{"@type":"ListItem","position":1,"name":"Startseite","item":"https:\/\/dominik-s.de\/hofspeedbody\/"},{"@type":"ListItem","position":2,"name":"EMS-Training mit miha bodytec"}]},{"@type":"WebSite","@id":"https:\/\/dominik-s.de\/hofspeedbody\/#website","url":"https:\/\/dominik-s.de\/hofspeedbody\/","name":"EMS Training in Hof","description":"DOMINIKS HofSpeedBody","potentialAction":[{"@type":"SearchAction","target":{"@type":"EntryPoint","urlTemplate":"https:\/\/dominik-s.de\/hofspeedbody\/?s={search_term_string}"},"query-input":{"@type":"PropertyValueSpecification","valueRequired":true,"valueName":"search_term_string"}}],"inLanguage":"de"}]}},"_links":{"self":[{"href":"https:\/\/dominik-s.de\/hofspeedbody\/wp-json\/wp\/v2\/pages\/113","targetHints":{"allow":["GET"]}}],"collection":[{"href":"https:\/\/dominik-s.de\/hofspeedbody\/wp-json\/wp\/v2\/pages"}],"about":[{"href":"https:\/\/dominik-s.de\/hofspeedbody\/wp-json\/wp\/v2\/types\/page"}],"author":[{"embeddable":true,"href":"https:\/\/dominik-s.de\/hofspeedbody\/wp-json\/wp\/v2\/users\/1"}],"replies":[{"embeddable":true,"href":"https:\/\/dominik-s.de\/hofspeedbody\/wp-json\/wp\/v2\/comments?post=113"}],"version-history":[{"count":9,"href":"https:\/\/dominik-s.de\/hofspeedbody\/wp-json\/wp\/v2\/pages\/113\/revisions"}],"predecessor-version":[{"id":418,"href":"https:\/\/dominik-s.de\/hofspeedbody\/wp-json\/wp\/v2\/pages\/113\/revisions\/418"}],"wp:attachment":[{"href":"https:\/\/dominik-s.de\/hofspeedbody\/wp-json\/wp\/v2\/media?parent=113"}],"curies":[{"name":"wp","href":"https:\/\/api.w.org\/{rel}","templated":true}]}}