{"id":143,"date":"2016-10-25T11:09:12","date_gmt":"2016-10-25T09:09:12","guid":{"rendered":"http:\/\/vianovashop.de\/hofsun\/?page_id=143"},"modified":"2025-07-10T11:09:20","modified_gmt":"2025-07-10T09:09:20","slug":"bestimme-deinen-hauttyp-fuer-den-besuch-im-solarium","status":"publish","type":"page","link":"https:\/\/dominik-s.de\/hofsun\/bestimme-deinen-hauttyp-fuer-den-besuch-im-solarium\/","title":{"rendered":"Bestimme deinen Hauttyp f\u00fcr den Besuch im Solarium"},"content":{"rendered":"<p>[vc_row][vc_column][vc_empty_space][vc_column_text]<\/p>\n<div class=\"sc85_heading wpb_content_element impact center\">\n<div class=\"subtitle\" style=\"text-align: center;\">\n<h1><strong>BESTIMME DEINEN HAUTTYP<\/strong><\/h1>\n<p><strong>Hauttypenbestimmung f\u00fcr deinen Besuch im Solarium.<br \/>\n<\/strong>Der Besuch im Sonnenstudio ist und bleibt bei vielen Frauen \u2013 und auch M\u00e4nnern \u2013 sehr beliebt, um sich die fehlende Br\u00e4une zu holen. Viele Gr\u00fcnde sprechen f\u00fcr den Besuch eines Sonnenstudios \u2013 auch im Sommer. Man mag es nicht glauben, auch in den Sommermonaten sind die Sonnenb\u00e4nke gut gebucht. Zum einen wird dies sicherlich am recht wechselhaften Sommerwetter liegen, zum anderen auch an unseren g\u00fcnstigen Abo-Tarifen.<\/p>\n<p>Bitte achte bei deinem Besuch im Sonnenstudio darauf, dass du die f\u00fcr deinen Hauttyp richtige Sonnenbank nutzt. Eine zu intensive Br\u00e4unung kann schnell zu einem Sonnenbrand f\u00fchren. Bestimme zun\u00e4chst deinen Hauttyp.<\/p>\n<\/div>\n<\/div>\n<p>[\/vc_column_text][\/vc_column][\/vc_row][vc_row][vc_column][vc_single_image image=&#8220;1273&#8243; img_size=&#8220;full&#8220; alignment=&#8220;center&#8220; onclick=&#8220;link_image&#8220;][\/vc_column][\/vc_row][vc_row disable_element=&#8220;yes&#8220;][vc_column width=&#8220;1\/2&#8243;][vc_column_text]<\/p>\n<h3>Hauttyp 1 \u2013 Keltischer Typ (2%)<\/h3>\n<p><strong>Haut:<\/strong> auffallend hell<br \/>\n<strong>Sommersprossen:<\/strong> stark<br \/>\n<strong>Haare:<\/strong> r\u00f6tlich<br \/>\n<strong>Augenfarbe:<\/strong> blau, selten braun<\/p>\n<h4>Sehr starke Sonnenbrandneigung<\/h4>\n<p>Keine Br\u00e4unung<br \/>\nR\u00f6tung nach 1 bis 2 Tagen wieder wei\u00df, die Haut sch\u00e4lt sich.[\/vc_column_text][\/vc_column][vc_column width=&#8220;1\/2&#8243;][vc_column_text]<\/p>\n<h3>Hauttyp 2\u00a0\u2013 Hellh\u00e4utiger Europ\u00e4er\u00a0(12%)<\/h3>\n<p><strong>Haut:<\/strong>\u00a0etwas dunkler als beim Keltischen Typ<br \/>\n<strong>Sommersprossen:<\/strong>\u00a0selten<br \/>\n<strong>Haare:<\/strong>\u00a0blond bis braun<br \/>\n<strong>Augenfarbe:<\/strong> blau,\u00a0gr\u00fcn, grau<\/p>\n<h4>Starke Sonnenbrandneigung<\/h4>\n<p>Kaum Br\u00e4unung[\/vc_column_text][\/vc_column][\/vc_row][vc_row disable_element=&#8220;yes&#8220;][vc_column width=&#8220;1\/2&#8243;][vc_column_text]<\/p>\n<h3>Hauttyp 3\u00a0\u2013 Hellh\u00e4utiger Europ\u00e4er\u00a0(78%)<\/h3>\n<p><strong>Haut:<\/strong>\u00a0hell- hellbraun, frisch<br \/>\n<strong>Sommersprossen:<\/strong>\u00a0keine<br \/>\n<strong>Haare:<\/strong>\u00a0dunkelblond, braun<br \/>\n<strong>Augenfarbe:<\/strong>\u00a0grau, braun<\/p>\n<h4>M\u00e4\u00dfige\u00a0Sonnenbrandneigung<\/h4>\n<p>Durchschnittliche\u00a0Br\u00e4unung[\/vc_column_text][\/vc_column][vc_column width=&#8220;1\/2&#8243;][vc_column_text]<\/p>\n<h3>Hauttyp 4 \u2013 Mittelmeerischer Typ\u00a0(8%)<\/h3>\n<p><strong>Haut:<\/strong>\u00a0hell- hellbraun,\u00a0oliv<br \/>\n<strong>Sommersprossen:<\/strong>\u00a0keine<br \/>\n<strong>Haare:<\/strong>\u00a0dunkelbraun<br \/>\n<strong>Augenfarbe:<\/strong>\u00a0dunkel<\/p>\n<h4>Kaum\u00a0Sonnenbrandneigung<\/h4>\n<p>Schnelle und tiefe\u00a0Br\u00e4unung[\/vc_column_text][\/vc_column][\/vc_row]<\/p>\n","protected":false},"excerpt":{"rendered":"<p>[vc_row][vc_column][vc_empty_space][vc_column_text] BESTIMME DEINEN HAUTTYP Hauttypenbestimmung f\u00fcr deinen Besuch im Solarium. Der Besuch im Sonnenstudio ist und bleibt bei vielen Frauen \u2013 und auch M\u00e4nnern \u2013 sehr beliebt, um sich die fehlende Br\u00e4une zu holen. Viele Gr\u00fcnde sprechen f\u00fcr den Besuch eines Sonnenstudios \u2013 auch im Sommer. Man mag es nicht glauben, auch in den Sommermonaten [&hellip;]<\/p>\n","protected":false},"author":1,"featured_media":1526,"parent":0,"menu_order":20,"comment_status":"closed","ping_status":"closed","template":"","meta":{"footnotes":""},"class_list":["post-143","page","type-page","status-publish","has-post-thumbnail","hentry"],"yoast_head":"<!-- This site is optimized with the Yoast SEO Premium plugin v26.5 (Yoast SEO v26.6) - https:\/\/yoast.com\/wordpress\/plugins\/seo\/ -->\n<title>Bestimme deinen Hauttyp | DOMINIKS HofSun in Hof<\/title>\n<meta name=\"description\" content=\"Bitte achte bei deinem Besuch im Sonnenstudio darauf, dass du die f\u00fcr deinen Hauttyp richtige Sonnenbank nutzt. Eine zu intensive Br\u00e4unung kann schnell zu einem Sonnenbrand f\u00fchren.\" \/>\n<meta name=\"robots\" content=\"index, follow, max-snippet:-1, max-image-preview:large, max-video-preview:-1\" \/>\n<link rel=\"canonical\" href=\"https:\/\/dominik-s.de\/hofsun\/bestimme-deinen-hauttyp-fuer-den-besuch-im-solarium\/\" \/>\n<meta property=\"og:locale\" content=\"de_DE\" \/>\n<meta property=\"og:type\" content=\"article\" \/>\n<meta property=\"og:title\" content=\"Bestimme deinen Hauttyp f\u00fcr den Besuch im Solarium\" \/>\n<meta property=\"og:description\" content=\"Bitte achte bei deinem Besuch im Sonnenstudio darauf, dass du die f\u00fcr deinen Hauttyp richtige Sonnenbank nutzt. Eine zu intensive Br\u00e4unung kann schnell zu einem Sonnenbrand f\u00fchren.\" \/>\n<meta property=\"og:url\" content=\"https:\/\/dominik-s.de\/hofsun\/bestimme-deinen-hauttyp-fuer-den-besuch-im-solarium\/\" \/>\n<meta property=\"og:site_name\" content=\"HofSun\" \/>\n<meta property=\"article:modified_time\" content=\"2025-07-10T09:09:20+00:00\" \/>\n<meta property=\"og:image\" content=\"https:\/\/dominik-s.de\/hofsun\/wp-content\/uploads\/sites\/8\/2024\/02\/DOMINIKS-HofSunSonnenstudio-in-Hof-HAUTTYP.jpg\" \/>\n\t<meta property=\"og:image:width\" content=\"1200\" \/>\n\t<meta property=\"og:image:height\" content=\"1200\" \/>\n\t<meta property=\"og:image:type\" content=\"image\/jpeg\" \/>\n<meta name=\"twitter:card\" content=\"summary_large_image\" \/>\n<meta name=\"twitter:label1\" content=\"Gesch\u00e4tzte Lesezeit\" \/>\n\t<meta name=\"twitter:data1\" content=\"2\u00a0Minuten\" \/>\n<script type=\"application\/ld+json\" class=\"yoast-schema-graph\">{\"@context\":\"https:\/\/schema.org\",\"@graph\":[{\"@type\":\"WebPage\",\"@id\":\"https:\/\/dominik-s.de\/hofsun\/bestimme-deinen-hauttyp-fuer-den-besuch-im-solarium\/\",\"url\":\"https:\/\/dominik-s.de\/hofsun\/bestimme-deinen-hauttyp-fuer-den-besuch-im-solarium\/\",\"name\":\"Bestimme deinen Hauttyp | DOMINIKS HofSun in Hof\",\"isPartOf\":{\"@id\":\"https:\/\/dominik-s.de\/hofsun\/#website\"},\"primaryImageOfPage\":{\"@id\":\"https:\/\/dominik-s.de\/hofsun\/bestimme-deinen-hauttyp-fuer-den-besuch-im-solarium\/#primaryimage\"},\"image\":{\"@id\":\"https:\/\/dominik-s.de\/hofsun\/bestimme-deinen-hauttyp-fuer-den-besuch-im-solarium\/#primaryimage\"},\"thumbnailUrl\":\"https:\/\/dominik-s.de\/hofsun\/wp-content\/uploads\/sites\/8\/2024\/02\/DOMINIKS-HofSunSonnenstudio-in-Hof-HAUTTYP.jpg\",\"datePublished\":\"2016-10-25T09:09:12+00:00\",\"dateModified\":\"2025-07-10T09:09:20+00:00\",\"description\":\"Bitte achte bei deinem Besuch im Sonnenstudio darauf, dass du die f\u00fcr deinen Hauttyp richtige Sonnenbank nutzt. Eine zu intensive Br\u00e4unung kann schnell zu einem Sonnenbrand f\u00fchren.\",\"breadcrumb\":{\"@id\":\"https:\/\/dominik-s.de\/hofsun\/bestimme-deinen-hauttyp-fuer-den-besuch-im-solarium\/#breadcrumb\"},\"inLanguage\":\"de\",\"potentialAction\":[{\"@type\":\"ReadAction\",\"target\":[\"https:\/\/dominik-s.de\/hofsun\/bestimme-deinen-hauttyp-fuer-den-besuch-im-solarium\/\"]}]},{\"@type\":\"ImageObject\",\"inLanguage\":\"de\",\"@id\":\"https:\/\/dominik-s.de\/hofsun\/bestimme-deinen-hauttyp-fuer-den-besuch-im-solarium\/#primaryimage\",\"url\":\"https:\/\/dominik-s.de\/hofsun\/wp-content\/uploads\/sites\/8\/2024\/02\/DOMINIKS-HofSunSonnenstudio-in-Hof-HAUTTYP.jpg\",\"contentUrl\":\"https:\/\/dominik-s.de\/hofsun\/wp-content\/uploads\/sites\/8\/2024\/02\/DOMINIKS-HofSunSonnenstudio-in-Hof-HAUTTYP.jpg\",\"width\":1200,\"height\":1200,\"caption\":\"DOMINIKS HofSun Sonnenstudio in Hof HAUTTYP\"},{\"@type\":\"BreadcrumbList\",\"@id\":\"https:\/\/dominik-s.de\/hofsun\/bestimme-deinen-hauttyp-fuer-den-besuch-im-solarium\/#breadcrumb\",\"itemListElement\":[{\"@type\":\"ListItem\",\"position\":1,\"name\":\"Startseite\",\"item\":\"https:\/\/dominik-s.de\/hofsun\/\"},{\"@type\":\"ListItem\",\"position\":2,\"name\":\"Bestimme deinen Hauttyp f\u00fcr den Besuch im Solarium\"}]},{\"@type\":\"WebSite\",\"@id\":\"https:\/\/dominik-s.de\/hofsun\/#website\",\"url\":\"https:\/\/dominik-s.de\/hofsun\/\",\"name\":\"HofSun\",\"description\":\"DOMINIKS Sonnenstudios in Hof\",\"potentialAction\":[{\"@type\":\"SearchAction\",\"target\":{\"@type\":\"EntryPoint\",\"urlTemplate\":\"https:\/\/dominik-s.de\/hofsun\/?s={search_term_string}\"},\"query-input\":{\"@type\":\"PropertyValueSpecification\",\"valueRequired\":true,\"valueName\":\"search_term_string\"}}],\"inLanguage\":\"de\"}]}<\/script>\n<!-- \/ Yoast SEO Premium plugin. -->","yoast_head_json":{"title":"Bestimme deinen Hauttyp | DOMINIKS HofSun in Hof","description":"Bitte achte bei deinem Besuch im Sonnenstudio darauf, dass du die f\u00fcr deinen Hauttyp richtige Sonnenbank nutzt. Eine zu intensive Br\u00e4unung kann schnell zu einem Sonnenbrand f\u00fchren.","robots":{"index":"index","follow":"follow","max-snippet":"max-snippet:-1","max-image-preview":"max-image-preview:large","max-video-preview":"max-video-preview:-1"},"canonical":"https:\/\/dominik-s.de\/hofsun\/bestimme-deinen-hauttyp-fuer-den-besuch-im-solarium\/","og_locale":"de_DE","og_type":"article","og_title":"Bestimme deinen Hauttyp f\u00fcr den Besuch im Solarium","og_description":"Bitte achte bei deinem Besuch im Sonnenstudio darauf, dass du die f\u00fcr deinen Hauttyp richtige Sonnenbank nutzt. Eine zu intensive Br\u00e4unung kann schnell zu einem Sonnenbrand f\u00fchren.","og_url":"https:\/\/dominik-s.de\/hofsun\/bestimme-deinen-hauttyp-fuer-den-besuch-im-solarium\/","og_site_name":"HofSun","article_modified_time":"2025-07-10T09:09:20+00:00","og_image":[{"width":1200,"height":1200,"url":"https:\/\/dominik-s.de\/hofsun\/wp-content\/uploads\/sites\/8\/2024\/02\/DOMINIKS-HofSunSonnenstudio-in-Hof-HAUTTYP.jpg","type":"image\/jpeg"}],"twitter_card":"summary_large_image","twitter_misc":{"Gesch\u00e4tzte Lesezeit":"2\u00a0Minuten"},"schema":{"@context":"https:\/\/schema.org","@graph":[{"@type":"WebPage","@id":"https:\/\/dominik-s.de\/hofsun\/bestimme-deinen-hauttyp-fuer-den-besuch-im-solarium\/","url":"https:\/\/dominik-s.de\/hofsun\/bestimme-deinen-hauttyp-fuer-den-besuch-im-solarium\/","name":"Bestimme deinen Hauttyp | DOMINIKS HofSun in Hof","isPartOf":{"@id":"https:\/\/dominik-s.de\/hofsun\/#website"},"primaryImageOfPage":{"@id":"https:\/\/dominik-s.de\/hofsun\/bestimme-deinen-hauttyp-fuer-den-besuch-im-solarium\/#primaryimage"},"image":{"@id":"https:\/\/dominik-s.de\/hofsun\/bestimme-deinen-hauttyp-fuer-den-besuch-im-solarium\/#primaryimage"},"thumbnailUrl":"https:\/\/dominik-s.de\/hofsun\/wp-content\/uploads\/sites\/8\/2024\/02\/DOMINIKS-HofSunSonnenstudio-in-Hof-HAUTTYP.jpg","datePublished":"2016-10-25T09:09:12+00:00","dateModified":"2025-07-10T09:09:20+00:00","description":"Bitte achte bei deinem Besuch im Sonnenstudio darauf, dass du die f\u00fcr deinen Hauttyp richtige Sonnenbank nutzt. Eine zu intensive Br\u00e4unung kann schnell zu einem Sonnenbrand f\u00fchren.","breadcrumb":{"@id":"https:\/\/dominik-s.de\/hofsun\/bestimme-deinen-hauttyp-fuer-den-besuch-im-solarium\/#breadcrumb"},"inLanguage":"de","potentialAction":[{"@type":"ReadAction","target":["https:\/\/dominik-s.de\/hofsun\/bestimme-deinen-hauttyp-fuer-den-besuch-im-solarium\/"]}]},{"@type":"ImageObject","inLanguage":"de","@id":"https:\/\/dominik-s.de\/hofsun\/bestimme-deinen-hauttyp-fuer-den-besuch-im-solarium\/#primaryimage","url":"https:\/\/dominik-s.de\/hofsun\/wp-content\/uploads\/sites\/8\/2024\/02\/DOMINIKS-HofSunSonnenstudio-in-Hof-HAUTTYP.jpg","contentUrl":"https:\/\/dominik-s.de\/hofsun\/wp-content\/uploads\/sites\/8\/2024\/02\/DOMINIKS-HofSunSonnenstudio-in-Hof-HAUTTYP.jpg","width":1200,"height":1200,"caption":"DOMINIKS HofSun Sonnenstudio in Hof HAUTTYP"},{"@type":"BreadcrumbList","@id":"https:\/\/dominik-s.de\/hofsun\/bestimme-deinen-hauttyp-fuer-den-besuch-im-solarium\/#breadcrumb","itemListElement":[{"@type":"ListItem","position":1,"name":"Startseite","item":"https:\/\/dominik-s.de\/hofsun\/"},{"@type":"ListItem","position":2,"name":"Bestimme deinen Hauttyp f\u00fcr den Besuch im Solarium"}]},{"@type":"WebSite","@id":"https:\/\/dominik-s.de\/hofsun\/#website","url":"https:\/\/dominik-s.de\/hofsun\/","name":"HofSun","description":"DOMINIKS Sonnenstudios in Hof","potentialAction":[{"@type":"SearchAction","target":{"@type":"EntryPoint","urlTemplate":"https:\/\/dominik-s.de\/hofsun\/?s={search_term_string}"},"query-input":{"@type":"PropertyValueSpecification","valueRequired":true,"valueName":"search_term_string"}}],"inLanguage":"de"}]}},"_links":{"self":[{"href":"https:\/\/dominik-s.de\/hofsun\/wp-json\/wp\/v2\/pages\/143","targetHints":{"allow":["GET"]}}],"collection":[{"href":"https:\/\/dominik-s.de\/hofsun\/wp-json\/wp\/v2\/pages"}],"about":[{"href":"https:\/\/dominik-s.de\/hofsun\/wp-json\/wp\/v2\/types\/page"}],"author":[{"embeddable":true,"href":"https:\/\/dominik-s.de\/hofsun\/wp-json\/wp\/v2\/users\/1"}],"replies":[{"embeddable":true,"href":"https:\/\/dominik-s.de\/hofsun\/wp-json\/wp\/v2\/comments?post=143"}],"version-history":[{"count":21,"href":"https:\/\/dominik-s.de\/hofsun\/wp-json\/wp\/v2\/pages\/143\/revisions"}],"predecessor-version":[{"id":1472,"href":"https:\/\/dominik-s.de\/hofsun\/wp-json\/wp\/v2\/pages\/143\/revisions\/1472"}],"wp:featuredmedia":[{"embeddable":true,"href":"https:\/\/dominik-s.de\/hofsun\/wp-json\/wp\/v2\/media\/1526"}],"wp:attachment":[{"href":"https:\/\/dominik-s.de\/hofsun\/wp-json\/wp\/v2\/media?parent=143"}],"curies":[{"name":"wp","href":"https:\/\/api.w.org\/{rel}","templated":true}]}}